lculate -103 - (54 + (-70 - 56)).
-31
What is the value of -139 + 146 - (-2 + (1 - (-3 + 1 + -2)))?
4
What is (-10 - -10 - -11) + (-12 - (-8 + 1))?
6
What is -1 + -5 + (101 - ((-5 - 0) + (-332 - -337)))?
95
Calculate 2 + -36 + (642 - 585).
23
60 - ((248 - 250 - (-7 - 0)) + -7 + 2)
60
What is 2 + 0 + (-3 - (21 + -25 - -7)) + 11?
7
Evaluate -121 - (45 - 143) - 1.
-24
What is the value of (-44 - -2 - 1) + (-28 + 7 - (-71 + 41))?
-34
(-4 - (-6 - -5)) + (-7 - 29) + (13 - 1)
-27
Evaluate -11 + 5 + -3 + 19 - (-15 + -3 + 11).
17
Evaluate (-1 + 2 + 8 - 1) + (-706 - -740).
42
Calculate -239 - -189 - (-2 + (-12 - -3)).
-39
Calculate (-17 - (8 - (83 - -4))) + (11 - (-1 + 1)).
73
Calculate 35 + (-20 - (32 + 27)).
-44
What is the value of 54 - (66 + (83 - 99))?
4
What is (6 - 37) + 40 - -61?
70
Calculate 48 - (-35 + 113 + -96).
66
What is the value of 6 + (14 - (4 - (-10 - -13 - 2)))?
17
What is -66 - (8 + 44) - -96?
-22
-147 + (-214 + 112 - -118)
-131
Evaluate -13 - (-10 + -6 + 8) - (-17 - -17 - 1).
-4
37 - (30 - (95 - (-31 - -27)))
106
What is the value of -18282 + 18296 - (52 - -1)?
-39
157 - 87 - (-2 - 22)
94
-1 + -1 - (-211 + 180 + 66)
-37
Calculate 2 + -5 + 2 + (-27 + 0 + 27 - -43).
42
Calculate -10 + 39 + (10 - (14 + 19 + -8)).
14
Calculate -2149 - -2296 - (58 + -4).
93
Calculate (-16 - (11 - 6 - 21)) + -1 - (-64 + 0).
63
Evaluate -23 - 1 - (-1702 - -1728).
-50
What is (4 + 9 + (-1 - 2) - 14) + -16?
-20
Calculate 26 + -102 + (5 - -2 - (-5 + 8)) + 9.
-63
Calculate (14 - -5) + (4 - (6 - 2)) + -7 - -77.
89
What is (-7 - (-9 - -17) - (3 - 23)) + 63?
68
-4 - 3 - -28 - (-9 - -78)
-48
What is the value of -75 - -31 - (-9 + 3 + 3 - -2)?
-43
Evaluate 7 + -71 + 14 + 2 + -3 + -14.
-65
Evaluate 67 + -74 + -3 - (-3 - 57).
50
Evaluate 1 + -5 - (-9 + (-16 - (5 + -18))).
8
What is -22 + (36 - -3 - 9 - (2 - -6))?
0
Calculate (-12 - -13) + (66 - -59) + (12 - -3).
141
What is 25 - (40 + -3) - -13?
1
Evaluate 10 - ((-40 - -36 - (-16 + 7 + -5)) + 127).
-127
(-19 - -7) + -41 + -4 + 8 + -6
-55
16 + -3 - 1 - (-2 + 1) - (790 + -798)
21
(2 - -1 - 0) + 99 + (164 - 271)
-5
Calculate (-1 - -14) + 63 + 14 + -61.
29
Evaluate 6 + 1 - (-15 + (-6 - 2) - -22).
8
What is 64 + -13 + (3 - 1 - -12) + -3 + -1?
61
Evaluate 26 - (-21 + 91) - ((-2 - -4) + -1 + -11).
-34
Calculate -51 - ((-3 - (1 + -1)) + -101 + 93).
-40
What is the value of -4 + 45 + 37 + (5 - 1) + -10?
72
Evaluate (29 - (18 - -12)) + (-2 - 0) + (-3 - -2).
-4
Evaluate -2 + (0 + -85 - -51).
-36
Calculate 57 - (-21 + 115 + 22).
-59
(33 - (66 - 20)) + -97 + -12
-122
Evaluate (-22 - -19) + (-2 - (-47 - (0 - -7))).
49
Evaluate (-2 - -4) + -11 + 1 - (-36 + 31 - -32).
-35
(-20 - -6 - (288 + -289)) + 25
12
What is the value of (0 - (0 - -59)) + ((1 - 52) + 92 - 45)?
-63
What is the value of 27 - (40 - 58 - 42)?
87
(1 - (30 + 5)) + (39 - 39) - -1
-33
Calculate -16 - 1 - (-44 + 6 - (-67 - -163)).
117
Evaluate 50 - (58 - (-68 + 131) - (1 - 0)).
56
What is the value of 9 + (-1 - 4) + -28 + 56 + -54?
-22
Calculate -3373 + 3385 + (2 - (32 - (3 + -1))).
-16
What is the value of 0 + 10 - (21 + (-50 - -31)) - 29?
-21
What is the value of -68 - (-49 - 90) - (14 + (2 - (7 - 1)))?
61
What is the value of 3 + -36 + -200 + 189 + (19 - 0)?
-25
What is the value of (-15 - -19 - 22 - -9) + 22 + (95 - 1)?
107
-11 - ((-1 - (2 - -8)) + 1 - (-9 + 116))
106
Evaluate -1 + -1 + (5 - 4) + 2 - (-80 + -14).
95
What is 11 + 1 + (-58 - -9) + 26 + -35?
-46
142 + -80 + (26 - 3) + 29
114
(2 - -69) + (-2 - (-36 + 18) - 6)
81
What is the value of (1 - -16) + -7 + (-10 - -3 - -23) + -5?
21
Calculate -26 - -2 - (-1498 - -1463).
11
9 + -18 - (-6 - (25 + -4))
18
Calculate (105 - (2 + -3)) + (24 - 63 - -58) + -31.
94
What is 30 + 2 - (-28 - (-74 + 24))?
10
What is -19 - (8 + 11 + -9 + 23 + -49)?
-3
Calculate 5 + 39 + (29 - 75) + (1 - 33).
-34
(-11 + 1 - -32) + 11
33
Calculate -50 - (-12 + -9 + 24 + -11 - 4).
-38
What is (0 - 0) + (2 - 3) + -5 + -3525 + 3531?
0
What is (113 - 95 - 16) + (3 + -4 - 51) + -3?
-53
-125 - ((-5 - (-5 - 13)) + -16 + 27)
-149
Evaluate -52 + (-49 + 180 - 72).
7
Evaluate (2 - 1) + -5 - (34 - 38).
0
Evaluate -2202 + 2199 - (2 - (-1 + 1)).
-5
What is -775 + 760 + (-1 - -2)?
-14
What is the value of (157 - 81) + -81 - (2 + (1 - -22))?
-30
What is the value of (-17 - (-2 - 23)) + (-9 - -38) + 4 + -12?
29
Calculate -543 + 567 - (1 + -4 - 2).
29
Evaluate 2 - (11 + -26 + 4 + 1 - -7).
5
What is 88 + -24 + -175 + 54?
-57
What is (-500 - -538) + -1 + 21 + -34?
24
What is 0 + -20 + (18 + -114 - -88)?
-28
-23 - -42 - -2 - (-18 + 15)
24
Calculate (-1663 - -1704) + -8 + -2.
31
Evaluate -58 + 32 + -17 + 84.
41
What is (-1 - -5) + -3 - (-1 - ((117 - -3) + -13))?
109
What is 1 + 6 + (90 - (-99 + 164))?
32
What is the value of -3 - (-3 - -15) - -17 - (1 - -51) - 8?
-58
-22 + 33 + -36 - -73
48
What is the value of -23 + (47 - 10 - 27) - -55?
42
What is (-2 + 1 + -8 - (13 - 17)) + 23 + -26?
-8
What is the value of -48 + 3 + -2 - (24 + 2 + -35)?
-38
What is -14 + (45 - -10) + -70?
-29
What is 27 + 0 + (74 - 44 - (-1 + 36))?
22
Calculate 1 + 37 + -71 + 7.
-26
Evaluate 1 - (0 + 1 - (10 - -2)) - (-126 + 96).
42
-23 - (46 + (4 - 17)) - -10
-46
Calculate (-168 - (5 - 175)) + (-2 - -4 - 55).
-51
What is 2 + (-12 - (10 - 27)) + (-3 - (0 - -34))?
-30
What is 41 + 4 - (13 + (-6 - (10 - 12)))?
36
Calculate (1057 - 1091) + -2 + 20.
-16
Evaluate -46 - ((-36 - (-163 + 8)) + -41).
-124
Calculate (30 - 29 - (-27 - -3)) + 1 + -16.
10
Calculate -39 - ((-9 - (-10 + 11 - 2)) + 8 + 0).
-39
Calculate 25 - ((-87 - (-14 - -22)) + 14).
106
(9 - (16 - 6)) + -9 + -19
-29
-133 - -84 - (0 - 1 - -1 - (2 - 0))
-47
Calculate 5 - ((34 - 51) + 0 + 22) - (149 - -3).
-152
What is the value of -4288 + 4288 + (-1 - -18) + -2?
15
Calculate (1 - (0 - -19) - (-24 - (-30 - -5))) + 7.
-12
What is the value of 17 - (-34 + 97 - 3)?
-43
What is the value of 104 + -105 + 27 + -90?
-64
(-2 - -2) + 47 - 3 - (622 - 612)
34
What is -9 + -1 + ((7 - 77) + 112 - (4 + -1))?
29
Calculate -394 + 399 + 0 + 12 + -1 + 71.
87
82 + (24 + (-17 - -24) - 22)
91
What is the value of (-52 + 4 + 7 - -10) + (1 - -1) + 0?
-29
What is the value of -18 - (-11 - (19 + -14) - -5) - -41?
34
218 + -181 + 13 + -104 + 12
-42
Calculate -2 + -2 + 17 - (-7052 + 7057).
8
What is (593 - 532) + 61 + -21?
101
Evaluate (-39 - (-41 + 6 - -9)) + 61.
48
Evaluate (-6 - (0 - (28 + -11 - 11))) + -29.
-29
Evaluate (-64 - -1) + 3 + 575 + -553 + -22 + 1.
-59
What is 2920 + -2908 + (0 - -31)?
43
What is (60 - -24) + 16 + -12?
88
Calculate -49 + (4 - (-3 - -9)) + 429 + -425.
-47
What is ((-3 - -1) + -14 - 2) + (293 - 303)?
-28
What is the value of (-545 - -651 - (-33 - 8)) + -5 + 0?
142
Evaluate -52 + (-483 - -487) + (3 - (-1 - -16)).
-60
What is the value of 23 + -20 + (6 - -36) - 38?
7
Calculate (-1 - -18) + -307 + 360 + (10 - 196).
-116
Evaluate (-23 - (-1 + -1)) + 49 + (-39 - 10).
-21
Calculate (-141 - 20 - -141) + 92.
72
Evaluate (207 - 212) + (-20 - -16 - (33 - (-3 + 1))).
-44
Evaluate 44 - (76 - -51 - 83).
0
Calculate 390 + -404 + (-6 - 2) + 11.
-11
Calculate -235 + 212 + 3 + 33 + -59.
-46
Calculate (-43 - (-48 + 16) - (2 + -8)) + -1 + -39.
-45
17 - (13 + (5 - 12) + -1 - -85)
-73
Evaluate 12 - (-7 + 18 - (2 - 39)).
-36
What is 1414 + -1419 + -22 + 1 + -4?
-30
What is (-1 - -3 - (-12 + 33 + -24)) + (12 - -35)?
52
What is the value of -24 - 0 - ((-7 - 36) + 65)?
-46
Evaluate 5907 + -5895 + (-1 - -1) + 26.
38
Calculate 13 - -4 - (-39 + 13 + 37).
6
Calculate (15 - 22) + (6 - 15) + 0 + 1.
-15
What is the value of -1 - ((-8 - -12) + -6 - (0 + -14))?
-13
-19 + 59 + 6 - 76
-30
(-127 - 3) + 1749 + -1665
-46
What is -3 + -1 - (3 + -56 + -17 + 9 + 12)?
45
22 + -58 + ((-7 - -9) + 7 - 3)
-30
Evaluate -22 + -1 + 4 + (4 - -39).
24
9 + (0 + -8 - 55) - -14
-40
45 + -86 + 32 - 0
-9
Evaluate 16 + (-22 - (33 - (9 + 25))).
-5
What is the value of 67 + (-55 - -39) - 40 - (-30 - 1)?
42
Calculate (-37 - (-98 - -96 - (-9 + 1 + 1))) + -5.
-47
What is the value of 0 - (-37 - -70) - 2?
-35
What is (236 + -52 - 59) + -85?
40
Evaluate (16 - (88 - -2)) + 20 - -9.
-45
What is 125 + -170 + 102 + -29?
28
Evaluate -7 + (-69 - (-12 - (-15 - 3 - (-2 + -9)))).
-71
Evaluate 35 + -16 + 21 + 18 + 19 + -2.
75
What is the value of (16399 - 16286) + 1 + -145?
-31
Evaluate -11 - (7 + 1 - ((-84 - 